3 a prime number?
False
Is 8345 prime?
False
Is 2207783 prime?
True
Is 119159 prime?
True
Is 71453 composite?
False
Is 120569 a composite number?
False
Is 13834 a composite number?
True
Is 26231 prime?
False
Is 25657 a composite number?
False
Is 617189 composite?
False
Is 18329 a composite number?
False
Is 53579 a composite number?
True
Is 20607 composite?
True
Is 158341 a prime number?
True
Is 1205147 prime?
False
Is 451381 a prime number?
False
Is 5269 a composite number?
True
Is 22189 a prime number?
True
Is 7934 prime?
False
Is 139547 a prime number?
True
Is 22921 a prime number?
True
Is 51749 a composite number?
False
Is 1181 prime?
True
Is 272651 prime?
True
Is 101681 a composite number?
False
Is 7817 a composite number?
False
Is 490549 a composite number?
False
Is 1185799 a composite number?
True
Is 4399 composite?
True
Is 231409 a composite number?
False
Is 75853 prime?
True
Is 306413 composite?
True
Is 420221 composite?
False
Is 3207 composite?
True
Is 758 prime?
False
Is 33049 a prime number?
True
Is 130813 composite?
True
Is 154667 prime?
True
Is 175979 prime?
True
Is 1956655 a composite number?
True
Is 5053 prime?
False
Is 22421 prime?
False
Is 20191 composite?
True
Is 201401 a prime number?
True
Is 9566 prime?
False
Is 1436623 composite?
False
Is 1154537 a composite number?
False
Is 5839 a prime number?
True
Is 174298 a prime number?
False
Is 3694 prime?
False
Is 2869 prime?
False
Is 180667 prime?
True
Is 187 a composite number?
True
Is 223589 composite?
False
Is 19529 composite?
True
Is 291847 prime?
False
Is 10217 a composite number?
True
Is 24121 composite?
False
Is 100231 a composite number?
True
Is 1280053 a prime number?
False
Is 24499 a composite number?
False
Is 137909 prime?
True
Is 1177 composite?
True
Is 5813 composite?
False
Is 7921 a composite number?
True
Is 296165 a prime number?
False
Is 218833 composite?
False
Is 1561 a composite number?
True
Is 496187 a prime number?
True
Is 926911 a composite number?
True
Is 179717 a prime number?
True
Is 19697 a prime number?
True
Is 3371 composite?
False
Is 4637 a prime number?
True
Is 3377 a composite number?
True
Is 3575183 a prime number?
True
Is 10513 prime?
True
Is 444055 a composite number?
True
Is 6673 composite?
False
Is 5257 a prime number?
False
Is 12659 a composite number?
False
Is 26879 a prime number?
True
Is 4421 prime?
True
Is 50294 composite?
True
Is 14374 prime?
False
Is 151511 composite?
True
Is 12763 prime?
True
Is 1398569 composite?
False
Is 1225183 prime?
True
Is 813489 composite?
True
Is 649 a composite number?
True
Is 521923 a prime number?
True
Is 919 composite?
False
Is 13621 a prime number?
False
Is 20869 composite?
True
Is 63647 a prime number?
True
Is 91187 composite?
True
Is 80111 composite?
False
Is 377879 a prime number?
False
Is 3221 prime?
True
Is 9811 a prime number?
True
Is 147761 a composite number?
False
Is 2291 a prime number?
False
Is 2169967 prime?
True
Is 16271 a prime number?
False
Is 1259 a prime number?
True
Is 30193 prime?
False
Is 377459 composite?
False
Is 13217 prime?
True
Is 421577 a composite number?
True
Is 670853 prime?
True
Is 1117 a composite number?
False
Is 985177 prime?
True
Is 18013 a prime number?
True
Is 284399 composite?
True
Is 1195 prime?
False
Is 300221 a prime number?
True
Is 4037 a composite number?
True
Is 28277 composite?
False
Is 179311 composite?
True
Is 169629 a composite number?
True
Is 15613 prime?
False
Is 12379 a composite number?
False
Is 50359 prime?
True
Is 4055 composite?
True
Is 33343 a prime number?
True
Is 839 a prime number?
True
Is 302711 a prime number?
True
Is 5273 a composite number?
False
Is 2287409 a composite number?
False
Is 422507 composite?
True
Is 500293 a composite number?
True
Is 783527 prime?
True
Is 743 composite?
False
Is 254365 a composite number?
True
Is 250643 composite?
False
Is 40693 composite?
False
Is 3599 composite?
True
Is 2999 prime?
True
Is 646705 composite?
True
Is 6362 composite?
True
Is 20789 a composite number?
False
Is 64217 composite?
False
Is 20267 a prime number?
False
Is 121 a prime number?
False
Is 40213 a prime number?
True
Is 54743 composite?
True
Is 17257 a prime number?
True
Is 635507 a prime number?
True
Is 43223 a prime number?
True
Is 1987 a composite number?
False
Is 361535 prime?
False
Is 4547 a prime number?
True
Is 1987 composite?
False
Is 1739 prime?
False
Is 9859 a prime number?
True
Is 86813 a composite number?
False
Is 447743 composite?
False
Is 44227 prime?
False
Is 9767 composite?
False
Is 208991 a prime number?
True
Is 787231 a prime number?
False
Is 67687 a prime number?
False
Is 3137 composite?
False
Is 9587 a composite number?
False
Is 693395 prime?
False
Is 52361 a prime number?
True
Is 169697 prime?
False
Is 118315 a composite number?
True
Is 62297 composite?
False
Is 14713 prime?
True
Is 11597 a prime number?
True
Is 3470507 prime?
False
Is 79957 prime?
False
Is 55313 composite?
False
Is 323699 a prime number?
True
Is 15253 composite?
True
Is 182051 prime?
False
Is 124489 a prime number?
True
Is 5361539 prime?
True
Is 42947 a prime number?
False
Is 288979 prime?
True
Is 641837 prime?
False
Is 7621 composite?
False
Is 492715 prime?
False
Is 163307 a prime number?
True
Is 71371 composite?
True
Is 2220269 a composite number?
True
Is 16309 a composite number?
True
Is 8698 composite?
True
Is 156121 a composite number?
True
Is 5099 a prime number?
True
Is 5273 a prime number?
True
Is 48647 prime?
True
Is 15493 prime?
True
Is 109751 composite?
False
Is 1163 a composite number?
False
Is 53683 composite?
True
Is 30299 composite?
True
Is 35813 prime?
False
Is 855805 a composite number?
True
Is 1424941 composite?
True
Is 1507703 composite?
True
Is 694 composite?
True
Is 992246 composite?
True
Is 56119 a prime number?
False
Is 140405 prime?
False
Is 137045 composite?
True
Is 435751 a prime number?
True
Is 19333 a composite number?
False
Is 22441 composite?
False
Is 3089749 a prime number?
False
Is 580321 a prime number?
False
Is 536927 prime?
False
Is 10451 a composite number?
True
Is 161807 a prime number?
True
Is 880813 a prime number?
True
Is 3203 prime?
True
Is 11597 a composite number?
False
Is 2411 prime?
True
Is 1109 composite?
False
Is 82933 composite?
True
Is 3571 composite?
False
Is 17657 prime?
True
Is 1649 a prime number?
False
Is 649469 prime?
True
Is 145711 prime?
False
Is 162359 a prime number?
True
Is 137723 a prime number?
True
Is 30881 prime?
True
Is 57217 composite?
True
Is 303917 composite?
False
Is 387613 a composite number?
False
Is 11197 a prime number?
True
Is 68353 a composite number?
True
Is 2333 composite?
False
Is 23869 a prime number?
True
Is 6607 a prime number?
True
Is 80537 prime?
True
Is 12497 a prime number?
True
Is 249419 a prime number?
True
Is 21259 a prime number?
False
Is 61949 a prime number?
True
Is 194989 prime?
True
Is 14957 prime?
True
Is 59441 composite?
False
Is 2047 a composite number?
True
Is 382519 a prime number?
True
Is 58447 a prime number?
False
Is 2167 prime?
False
Is 109577 a prime number?
False
Is 7279 a composite number?
True
Is 2498695 composite?
True
Is 18269 composite?
False
Is 6295 a composite number?
True
Is 4227 a composite number?
True
Is 12713 prime?
True
Is 74597 composite?
False
Is 5033 a composite number?
True
Is 19473 a composite number?
True
Is 46049 a composite number?
False
Is 13361 composite?
True
Is 20857 composite?
False
Is 2477 composite?
False
Is 3683 prime?
False
Is 1578701 a composite number?
False
Is 82865 a composite number?
True
Is 23846 a composite number?
True
Is 5317 a prime number?
False
Is 101713 a prime number?
False
Is 257533 prime?
False
Is 279397 a prime number?
True
Is 166393 composite?
False
Is 63538 prime?
False
Is 10821 a prime number?
False
Is 40163 composite?
False
Is 55579 a composite number?
False
Is 577549 a prime number?
False
Is 14281 composite?
False
Is 9407 a composite number?
True
Is 2559 a composite number?
True
Is 10651 composite?
False
Is 444397 a composite number?
True
Is 8098 prime?
False
Is 131863 a prime number?
False
Is 278981 composite?
False
Is 8861 a composite number?
False
Is 2653 a composite number?
True
Is 21557 a composite number?
False
Is 5323 a prime number?
True
Is 181517 a prime number?
False
Is 11477 composite?
True
Is 